{"id":404,"date":"2021-11-01T16:25:48","date_gmt":"2021-11-01T15:25:48","guid":{"rendered":"http:\/\/peoms.pl\/?page_id=404"},"modified":"2021-11-01T16:30:51","modified_gmt":"2021-11-01T15:30:51","slug":"klaster-energii","status":"publish","type":"page","link":"https:\/\/peoms.pl\/?page_id=404","title":{"rendered":"Klaster energii"},"content":{"rendered":"\t\t<div data-elementor-type=\"wp-page\" data-elementor-id=\"404\" class=\"elementor elementor-404\" data-elementor-settings=\"[]\">\n\t\t\t\t\t\t\t<div class=\"elementor-section-wrap\">\n\t\t\t\t\t\t\t<section class=\"elementor-section elementor-top-section elementor-element elementor-element-f65e1ea elementor-section-boxed elementor-section-height-default elementor-section-height-default\" data-id=\"f65e1ea\" data-element_type=\"section\">\n\t\t\t\t\t\t<div class=\"elementor-container elementor-column-gap-default\">\n\t\t\t\t\t<div class=\"elementor-column elementor-col-100 elementor-top-column elementor-element elementor-element-85af9e6\" data-id=\"85af9e6\" data-element_type=\"column\">\n\t\t\t<div class=\"elementor-widget-wrap elementor-element-populated\">\n\t\t\t\t\t\t\t\t<div class=\"elementor-element elementor-element-291ec0b elementor-widget elementor-widget-text-editor\" data-id=\"291ec0b\" data-element_type=\"widget\" data-widget_type=\"text-editor.default\">\n\t\t\t\t<div class=\"elementor-widget-container\">\n\t\t\t\t\t\t\t<p>\u00a0<\/p><p>Firma jest za\u0142o\u017cycielem i koordynatorem Tarnowsko \u2013 Ka\u017amierskiego Klastra Energii, kt\u00f3rego celem jest rozw\u00f3j rozproszonych odnawialnych \u017ar\u00f3de\u0142 energii elektrycznej z OZE na terenie gmin, gdzie s\u0105 zlokalizowane odnawialne \u017ar\u00f3d\u0142a energii.<\/p><p>\u00a0<\/p>\t\t\t\t\t\t<\/div>\n\t\t\t\t<\/div>\n\t\t\t\t\t<\/div>\n\t\t<\/div>\n\t\t\t\t\t\t\t<\/div>\n\t\t<\/section>\n\t\t\t\t<section class=\"elementor-section elementor-top-section elementor-element elementor-element-ea04df1 elementor-section-boxed elementor-section-height-default elementor-section-height-default\" data-id=\"ea04df1\" data-element_type=\"section\">\n\t\t\t\t\t\t<div class=\"elementor-container elementor-column-gap-default\">\n\t\t\t\t\t<div class=\"elementor-column elementor-col-50 elementor-top-column elementor-element elementor-element-0c5fb16\" data-id=\"0c5fb16\" data-element_type=\"column\">\n\t\t\t<div class=\"elementor-widget-wrap elementor-element-populated\">\n\t\t\t\t\t\t\t\t<div class=\"elementor-element elementor-element-5a233ae elementor-arrows-position-inside elementor-pagination-position-outside elementor-widget elementor-widget-image-carousel\" data-id=\"5a233ae\" data-element_type=\"widget\" data-settings=\"{&quot;navigation&quot;:&quot;both&quot;,&quot;autoplay&quot;:&quot;yes&quot;,&quot;pause_on_hover&quot;:&quot;yes&quot;,&quot;pause_on_interaction&quot;:&quot;yes&quot;,&quot;autoplay_speed&quot;:5000,&quot;infinite&quot;:&quot;yes&quot;,&quot;speed&quot;:500}\" data-widget_type=\"image-carousel.default\">\n\t\t\t\t<div class=\"elementor-widget-container\">\n\t\t\t\t\t<div class=\"elementor-image-carousel-wrapper swiper-container\" dir=\"ltr\">\n\t\t\t<div class=\"elementor-image-carousel swiper-wrapper\">\n\t\t\t\t\t\t\t\t<div class=\"swiper-slide\"><figure class=\"swiper-slide-inner\"><img decoding=\"async\" class=\"swiper-slide-image\" src=\"https:\/\/peoms.pl\/wp-content\/uploads\/2021\/10\/20190511_1753560-scaled-1-150x150.jpg\" alt=\"20190511_1753560-scaled\" \/><\/figure><\/div><div class=\"swiper-slide\"><figure class=\"swiper-slide-inner\"><img decoding=\"async\" class=\"swiper-slide-image\" src=\"https:\/\/peoms.pl\/wp-content\/uploads\/2021\/10\/20181016_171508-scaled-1-150x150.jpg\" alt=\"20181016_171508-scaled\" \/><\/figure><\/div><div class=\"swiper-slide\"><figure class=\"swiper-slide-inner\"><img decoding=\"async\" class=\"swiper-slide-image\" src=\"https:\/\/peoms.pl\/wp-content\/uploads\/2021\/10\/20180916_18553903-1859x2048-1-150x150.jpg\" alt=\"clone tag: -8215153552997233176\" \/><\/figure><\/div><div class=\"swiper-slide\"><figure class=\"swiper-slide-inner\"><img decoding=\"async\" class=\"swiper-slide-image\" src=\"https:\/\/peoms.pl\/wp-content\/uploads\/2021\/10\/20180916_1855000-EFFECTS-scaled-1-150x150.jpg\" alt=\"20180916_1855000-EFFECTS-scaled\" \/><\/figure><\/div><div class=\"swiper-slide\"><figure class=\"swiper-slide-inner\"><img decoding=\"async\" class=\"swiper-slide-image\" src=\"https:\/\/peoms.pl\/wp-content\/uploads\/2021\/10\/20160721_195108-scaled-1-150x150.jpg\" alt=\"20160721_195108-scaled\" \/><\/figure><\/div>\t\t\t<\/div>\n\t\t\t\t\t\t\t\t\t\t\t\t<div class=\"swiper-pagination\"><\/div>\n\t\t\t\t\t\t\t\t\t\t\t\t\t<div class=\"elementor-swiper-button elementor-swiper-button-prev\">\n\t\t\t\t\t\t<i class=\"eicon-chevron-left\" aria-hidden=\"true\"><\/i>\n\t\t\t\t\t\t<span class=\"elementor-screen-only\">Previous<\/span>\n\t\t\t\t\t<\/div>\n\t\t\t\t\t<div class=\"elementor-swiper-button elementor-swiper-button-next\">\n\t\t\t\t\t\t<i class=\"eicon-chevron-right\" aria-hidden=\"true\"><\/i>\n\t\t\t\t\t\t<span class=\"elementor-screen-only\">Next<\/span>\n\t\t\t\t\t<\/div>\n\t\t\t\t\t\t\t\t\t<\/div>\n\t\t\t\t<\/div>\n\t\t\t\t<\/div>\n\t\t\t\t\t<\/div>\n\t\t<\/div>\n\t\t\t\t<div class=\"elementor-column elementor-col-50 elementor-top-column elementor-element elementor-element-24f7178\" data-id=\"24f7178\" data-element_type=\"column\">\n\t\t\t<div class=\"elementor-widget-wrap elementor-element-populated\">\n\t\t\t\t\t\t\t\t<div class=\"elementor-element elementor-element-6fcd1e3 elementor-arrows-position-inside elementor-pagination-position-outside elementor-widget elementor-widget-image-carousel\" data-id=\"6fcd1e3\" data-element_type=\"widget\" data-settings=\"{&quot;navigation&quot;:&quot;both&quot;,&quot;autoplay&quot;:&quot;yes&quot;,&quot;pause_on_hover&quot;:&quot;yes&quot;,&quot;pause_on_interaction&quot;:&quot;yes&quot;,&quot;autoplay_speed&quot;:5000,&quot;infinite&quot;:&quot;yes&quot;,&quot;speed&quot;:500}\" data-widget_type=\"image-carousel.default\">\n\t\t\t\t<div class=\"elementor-widget-container\">\n\t\t\t\t\t<div class=\"elementor-image-carousel-wrapper swiper-container\" dir=\"ltr\">\n\t\t\t<div class=\"elementor-image-carousel swiper-wrapper\">\n\t\t\t\t\t\t\t\t<div class=\"swiper-slide\"><figure class=\"swiper-slide-inner\"><img decoding=\"async\" class=\"swiper-slide-image\" src=\"https:\/\/peoms.pl\/wp-content\/uploads\/2021\/10\/image26-1536x1023-1-150x150.jpg\" alt=\"image26-1536x1023\" \/><\/figure><\/div><div class=\"swiper-slide\"><figure class=\"swiper-slide-inner\"><img decoding=\"async\" class=\"swiper-slide-image\" src=\"https:\/\/peoms.pl\/wp-content\/uploads\/2021\/10\/DJI_0254101421-scaled-1-150x150.jpg\" alt=\"DJI_0254101421-scaled\" \/><\/figure><\/div><div class=\"swiper-slide\"><figure class=\"swiper-slide-inner\"><img decoding=\"async\" class=\"swiper-slide-image\" src=\"https:\/\/peoms.pl\/wp-content\/uploads\/2021\/10\/DJI_0241101421-scaled-1-150x150.jpg\" alt=\"DJI_0241101421-scaled\" \/><\/figure><\/div><div class=\"swiper-slide\"><figure class=\"swiper-slide-inner\"><img decoding=\"async\" class=\"swiper-slide-image\" src=\"https:\/\/peoms.pl\/wp-content\/uploads\/2021\/10\/DJI_0230101421-300x168-1-150x150.jpg\" alt=\"DJI_0230101421-300x168\" \/><\/figure><\/div>\t\t\t<\/div>\n\t\t\t\t\t\t\t\t\t\t\t\t<div class=\"swiper-pagination\"><\/div>\n\t\t\t\t\t\t\t\t\t\t\t\t\t<div class=\"elementor-swiper-button elementor-swiper-button-prev\">\n\t\t\t\t\t\t<i class=\"eicon-chevron-left\" aria-hidden=\"true\"><\/i>\n\t\t\t\t\t\t<span class=\"elementor-screen-only\">Previous<\/span>\n\t\t\t\t\t<\/div>\n\t\t\t\t\t<div class=\"elementor-swiper-button elementor-swiper-button-next\">\n\t\t\t\t\t\t<i class=\"eicon-chevron-right\" aria-hidden=\"true\"><\/i>\n\t\t\t\t\t\t<span class=\"elementor-screen-only\">Next<\/span>\n\t\t\t\t\t<\/div>\n\t\t\t\t\t\t\t\t\t<\/div>\n\t\t\t\t<\/div>\n\t\t\t\t<\/div>\n\t\t\t\t\t<\/div>\n\t\t<\/div>\n\t\t\t\t\t\t\t<\/div>\n\t\t<\/section>\n\t\t\t\t\t\t<\/div>\n\t\t\t\t\t<\/div>\n\t\t","protected":false},"excerpt":{"rendered":"<p>\u00a0 Firma jest za\u0142o\u017cycielem i koordynatorem Tarnowsko \u2013 Ka\u017amierskiego Klastra Energii, kt\u00f3rego celem jest rozw\u00f3j rozproszonych odnawialnych \u017ar\u00f3de\u0142 energii elektrycznej z OZE na terenie gmin, gdzie s\u0105 zlokalizowane odnawialne \u017ar\u00f3d\u0142a energii. \u00a0 Poprzednie Nast\u0119pne Poprzednie Nast\u0119pne<\/p>\n","protected":false},"author":1,"featured_media":0,"parent":0,"menu_order":0,"comment_status":"closed","ping_status":"closed","template":"","meta":{"_regular_price":[],"currency_symbol":[],"footnotes":""},"class_list":["post-404","page","type-page","status-publish","hentry"],"post_slider_layout_featured_media_urls":{"thumbnail":"","post_slider_layout_landscape_large":"","post_slider_layout_portrait_large":"","post_slider_layout_square_large":"","post_slider_layout_landscape":"","post_slider_layout_portrait":"","post_slider_layout_square":"","full":""},"yoast_head":"<!-- This site is optimized with the Yoast SEO plugin v17.4 - https:\/\/yoast.com\/wordpress\/plugins\/seo\/ -->\n<title>Klaster energii - Polska Energia Odnawialna Marcin Szlaps<\/title>\n<meta name=\"robots\" content=\"index, follow, max-snippet:-1, max-image-preview:large, max-video-preview:-1\" \/>\n<link rel=\"canonical\" href=\"https:\/\/peoms.pl\/?page_id=404\" \/>\n<meta property=\"og:locale\" content=\"en_US\" \/>\n<meta property=\"og:type\" content=\"article\" \/>\n<meta property=\"og:title\" content=\"Klaster energii - Polska Energia Odnawialna Marcin Szlaps\" \/>\n<meta property=\"og:description\" content=\"\u00a0 Firma jest za\u0142o\u017cycielem i koordynatorem Tarnowsko \u2013 Ka\u017amierskiego Klastra Energii, kt\u00f3rego celem jest rozw\u00f3j rozproszonych odnawialnych \u017ar\u00f3de\u0142 energii elektrycznej z OZE na terenie gmin, gdzie s\u0105 zlokalizowane odnawialne \u017ar\u00f3d\u0142a energii. \u00a0 Poprzednie Nast\u0119pne Poprzednie Nast\u0119pne\" \/>\n<meta property=\"og:url\" content=\"https:\/\/peoms.pl\/?page_id=404\" \/>\n<meta property=\"og:site_name\" content=\"Polska Energia Odnawialna Marcin Szlaps\" \/>\n<meta property=\"article:modified_time\" content=\"2021-11-01T15:30:51+00:00\" \/>\n<meta property=\"og:image\" content=\"http:\/\/peoms.pl\/wp-content\/uploads\/2021\/10\/20190511_1753560-scaled-1-150x150.jpg\" \/>\n<meta name=\"twitter:card\" content=\"summary_large_image\" \/>\n<meta name=\"twitter:label1\" content=\"Est. reading time\" \/>\n\t<meta name=\"twitter:data1\" content=\"3 minutes\" \/>\n<script type=\"application\/ld+json\" class=\"yoast-schema-graph\">{\"@context\":\"https:\/\/schema.org\",\"@graph\":[{\"@type\":\"WebSite\",\"@id\":\"https:\/\/peoms.pl\/#website\",\"url\":\"https:\/\/peoms.pl\/\",\"name\":\"Polska Energia Odnawialna Marcin Szlaps\",\"description\":\"\",\"potentialAction\":[{\"@type\":\"SearchAction\",\"target\":{\"@type\":\"EntryPoint\",\"urlTemplate\":\"https:\/\/peoms.pl\/?s={search_term_string}\"},\"query-input\":\"required name=search_term_string\"}],\"inLanguage\":\"en-US\"},{\"@type\":\"ImageObject\",\"@id\":\"https:\/\/peoms.pl\/?page_id=404#primaryimage\",\"inLanguage\":\"en-US\",\"url\":\"http:\/\/peoms.pl\/wp-content\/uploads\/2021\/10\/20190511_1753560-scaled-1-150x150.jpg\",\"contentUrl\":\"http:\/\/peoms.pl\/wp-content\/uploads\/2021\/10\/20190511_1753560-scaled-1-150x150.jpg\"},{\"@type\":\"WebPage\",\"@id\":\"https:\/\/peoms.pl\/?page_id=404#webpage\",\"url\":\"https:\/\/peoms.pl\/?page_id=404\",\"name\":\"Klaster energii - Polska Energia Odnawialna Marcin Szlaps\",\"isPartOf\":{\"@id\":\"https:\/\/peoms.pl\/#website\"},\"primaryImageOfPage\":{\"@id\":\"https:\/\/peoms.pl\/?page_id=404#primaryimage\"},\"datePublished\":\"2021-11-01T15:25:48+00:00\",\"dateModified\":\"2021-11-01T15:30:51+00:00\",\"breadcrumb\":{\"@id\":\"https:\/\/peoms.pl\/?page_id=404#breadcrumb\"},\"inLanguage\":\"en-US\",\"potentialAction\":[{\"@type\":\"ReadAction\",\"target\":[\"https:\/\/peoms.pl\/?page_id=404\"]}]},{\"@type\":\"BreadcrumbList\",\"@id\":\"https:\/\/peoms.pl\/?page_id=404#breadcrumb\",\"itemListElement\":[{\"@type\":\"ListItem\",\"position\":1,\"name\":\"Home\",\"item\":\"https:\/\/peoms.pl\/\"},{\"@type\":\"ListItem\",\"position\":2,\"name\":\"Klaster energii\"}]}]}<\/script>\n<!-- \/ Yoast SEO plugin. -->","yoast_head_json":{"title":"Klaster energii - Polska Energia Odnawialna Marcin Szlaps","robots":{"index":"index","follow":"follow","max-snippet":"max-snippet:-1","max-image-preview":"max-image-preview:large","max-video-preview":"max-video-preview:-1"},"canonical":"https:\/\/peoms.pl\/?page_id=404","og_locale":"en_US","og_type":"article","og_title":"Klaster energii - Polska Energia Odnawialna Marcin Szlaps","og_description":"\u00a0 Firma jest za\u0142o\u017cycielem i koordynatorem Tarnowsko \u2013 Ka\u017amierskiego Klastra Energii, kt\u00f3rego celem jest rozw\u00f3j rozproszonych odnawialnych \u017ar\u00f3de\u0142 energii elektrycznej z OZE na terenie gmin, gdzie s\u0105 zlokalizowane odnawialne \u017ar\u00f3d\u0142a energii. \u00a0 Poprzednie Nast\u0119pne Poprzednie Nast\u0119pne","og_url":"https:\/\/peoms.pl\/?page_id=404","og_site_name":"Polska Energia Odnawialna Marcin Szlaps","article_modified_time":"2021-11-01T15:30:51+00:00","og_image":[{"url":"http:\/\/peoms.pl\/wp-content\/uploads\/2021\/10\/20190511_1753560-scaled-1-150x150.jpg"}],"twitter_card":"summary_large_image","twitter_misc":{"Est. reading time":"3 minutes"},"schema":{"@context":"https:\/\/schema.org","@graph":[{"@type":"WebSite","@id":"https:\/\/peoms.pl\/#website","url":"https:\/\/peoms.pl\/","name":"Polska Energia Odnawialna Marcin Szlaps","description":"","potentialAction":[{"@type":"SearchAction","target":{"@type":"EntryPoint","urlTemplate":"https:\/\/peoms.pl\/?s={search_term_string}"},"query-input":"required name=search_term_string"}],"inLanguage":"en-US"},{"@type":"ImageObject","@id":"https:\/\/peoms.pl\/?page_id=404#primaryimage","inLanguage":"en-US","url":"http:\/\/peoms.pl\/wp-content\/uploads\/2021\/10\/20190511_1753560-scaled-1-150x150.jpg","contentUrl":"http:\/\/peoms.pl\/wp-content\/uploads\/2021\/10\/20190511_1753560-scaled-1-150x150.jpg"},{"@type":"WebPage","@id":"https:\/\/peoms.pl\/?page_id=404#webpage","url":"https:\/\/peoms.pl\/?page_id=404","name":"Klaster energii - Polska Energia Odnawialna Marcin Szlaps","isPartOf":{"@id":"https:\/\/peoms.pl\/#website"},"primaryImageOfPage":{"@id":"https:\/\/peoms.pl\/?page_id=404#primaryimage"},"datePublished":"2021-11-01T15:25:48+00:00","dateModified":"2021-11-01T15:30:51+00:00","breadcrumb":{"@id":"https:\/\/peoms.pl\/?page_id=404#breadcrumb"},"inLanguage":"en-US","potentialAction":[{"@type":"ReadAction","target":["https:\/\/peoms.pl\/?page_id=404"]}]},{"@type":"BreadcrumbList","@id":"https:\/\/peoms.pl\/?page_id=404#breadcrumb","itemListElement":[{"@type":"ListItem","position":1,"name":"Home","item":"https:\/\/peoms.pl\/"},{"@type":"ListItem","position":2,"name":"Klaster energii"}]}]}},"_links":{"self":[{"href":"https:\/\/peoms.pl\/index.php?rest_route=\/wp\/v2\/pages\/404","targetHints":{"allow":["GET"]}}],"collection":[{"href":"https:\/\/peoms.pl\/index.php?rest_route=\/wp\/v2\/pages"}],"about":[{"href":"https:\/\/peoms.pl\/index.php?rest_route=\/wp\/v2\/types\/page"}],"author":[{"embeddable":true,"href":"https:\/\/peoms.pl\/index.php?rest_route=\/wp\/v2\/users\/1"}],"replies":[{"embeddable":true,"href":"https:\/\/peoms.pl\/index.php?rest_route=%2Fwp%2Fv2%2Fcomments&post=404"}],"version-history":[{"count":8,"href":"https:\/\/peoms.pl\/index.php?rest_route=\/wp\/v2\/pages\/404\/revisions"}],"predecessor-version":[{"id":413,"href":"https:\/\/peoms.pl\/index.php?rest_route=\/wp\/v2\/pages\/404\/revisions\/413"}],"wp:attachment":[{"href":"https:\/\/peoms.pl\/index.php?rest_route=%2Fwp%2Fv2%2Fmedia&parent=404"}],"curies":[{"name":"wp","href":"https:\/\/api.w.org\/{rel}","templated":true}]}}