{"id":459,"date":"2022-01-18T08:24:56","date_gmt":"2022-01-18T07:24:56","guid":{"rendered":"https:\/\/peoms.pl\/?page_id=459"},"modified":"2022-02-24T19:05:44","modified_gmt":"2022-02-24T18:05:44","slug":"przetarg-pkc-01-22-peo-msgiii","status":"publish","type":"page","link":"https:\/\/peoms.pl\/?page_id=459","title":{"rendered":"Przetarg PKC-01\/22\/PEO\/MS(GIII)"},"content":{"rendered":"\t\t<div data-elementor-type=\"wp-page\" data-elementor-id=\"459\" class=\"elementor elementor-459\" data-elementor-settings=\"[]\">\n\t\t\t\t\t\t\t<div class=\"elementor-section-wrap\">\n\t\t\t\t\t\t\t<section class=\"elementor-section elementor-top-section elementor-element elementor-element-5c3eec0 elementor-section-boxed elementor-section-height-default elementor-section-height-default\" data-id=\"5c3eec0\" data-element_type=\"section\">\n\t\t\t\t\t\t<div class=\"elementor-container elementor-column-gap-default\">\n\t\t\t\t\t<div class=\"elementor-column elementor-col-33 elementor-top-column elementor-element elementor-element-3b50be8\" data-id=\"3b50be8\" data-element_type=\"column\">\n\t\t\t<div class=\"elementor-widget-wrap elementor-element-populated\">\n\t\t\t\t\t\t\t\t<div class=\"elementor-element elementor-element-7aca4a2 elementor-widget elementor-widget-image\" data-id=\"7aca4a2\" data-element_type=\"widget\" data-widget_type=\"image.default\">\n\t\t\t\t<div class=\"elementor-widget-container\">\n\t\t\t\t\t\t\t\t\t\t\t\t\t\t\t<img loading=\"lazy\" decoding=\"async\" width=\"640\" height=\"317\" src=\"https:\/\/peoms.pl\/wp-content\/uploads\/2021\/12\/NArodowy-Fundusz-Ochrony-Srodowiska-i-gospodarki-Wodnej-logotyp-01-1024x507.jpg\" class=\"attachment-large size-large\" alt=\"\" srcset=\"https:\/\/peoms.pl\/wp-content\/uploads\/2021\/12\/NArodowy-Fundusz-Ochrony-Srodowiska-i-gospodarki-Wodnej-logotyp-01-1024x507.jpg 1024w, https:\/\/peoms.pl\/wp-content\/uploads\/2021\/12\/NArodowy-Fundusz-Ochrony-Srodowiska-i-gospodarki-Wodnej-logotyp-01-300x148.jpg 300w, https:\/\/peoms.pl\/wp-content\/uploads\/2021\/12\/NArodowy-Fundusz-Ochrony-Srodowiska-i-gospodarki-Wodnej-logotyp-01-768x380.jpg 768w, https:\/\/peoms.pl\/wp-content\/uploads\/2021\/12\/NArodowy-Fundusz-Ochrony-Srodowiska-i-gospodarki-Wodnej-logotyp-01-1536x760.jpg 1536w, https:\/\/peoms.pl\/wp-content\/uploads\/2021\/12\/NArodowy-Fundusz-Ochrony-Srodowiska-i-gospodarki-Wodnej-logotyp-01-2048x1013.jpg 2048w\" sizes=\"auto, (max-width: 640px) 100vw, 640px\" \/>\t\t\t\t\t\t\t\t\t\t\t\t\t\t\t<\/div>\n\t\t\t\t<\/div>\n\t\t\t\t\t<\/div>\n\t\t<\/div>\n\t\t\t\t<div class=\"elementor-column elementor-col-66 elementor-top-column elementor-element elementor-element-562ece6\" data-id=\"562ece6\" data-element_type=\"column\">\n\t\t\t<div class=\"elementor-widget-wrap elementor-element-populated\">\n\t\t\t\t\t\t\t\t<div class=\"elementor-element elementor-element-f109987 elementor-widget elementor-widget-text-editor\" data-id=\"f109987\" data-element_type=\"widget\" data-widget_type=\"text-editor.default\">\n\t\t\t\t<div class=\"elementor-widget-container\">\n\t\t\t\t\t\t\t<h1><strong>NARODOWY FUNDUSZ OCHRONY \u015aRODOWISKA I<\/strong><strong>\u00a0GOSPODARKI WODNEJ<\/strong><\/h1>\t\t\t\t\t\t<\/div>\n\t\t\t\t<\/div>\n\t\t\t\t\t<\/div>\n\t\t<\/div>\n\t\t\t\t\t\t\t<\/div>\n\t\t<\/section>\n\t\t\t\t<section class=\"elementor-section elementor-top-section elementor-element elementor-element-d79a984 elementor-section-boxed elementor-section-height-default elementor-section-height-default\" data-id=\"d79a984\" data-element_type=\"section\">\n\t\t\t\t\t\t<div class=\"elementor-container elementor-column-gap-default\">\n\t\t\t\t\t<div class=\"elementor-column elementor-col-100 elementor-top-column elementor-element elementor-element-cbdb228\" data-id=\"cbdb228\" data-element_type=\"column\">\n\t\t\t<div class=\"elementor-widget-wrap elementor-element-populated\">\n\t\t\t\t\t\t\t\t<div class=\"elementor-element elementor-element-852e873 elementor-widget elementor-widget-text-editor\" data-id=\"852e873\" data-element_type=\"widget\" data-widget_type=\"text-editor.default\">\n\t\t\t\t<div class=\"elementor-widget-container\">\n\t\t\t\t\t\t\t<p>Post\u0119powanie o udzielenie zam\u00f3wienia prowadzone jest w trybie<strong> Przetarg,<\/strong> o kt\u00f3rym mowa w art. 70<sup>1<\/sup>\u201370<sup>5 <\/sup>ustawy z dnia 23 kwietnia 1964 r. \u2013 Kodeks cywilny na zasadach okre\u015blonych w Procedurze zawierania um\u00f3w w ramach przedsi\u0119wzi\u0119\u0107 dofinansowanych ze \u015brodk\u00f3w NFO\u015aiGW w formie oprocentowanej po\u017cyczki w ramach programu priorytetowego nr 5.8 \u201eMi\u0119dzydziedzinowe Energia Plus\u201d; oznaczonej symbolem P-01\/22\/PEO\/MS wydanie 1.0. <strong>(\u201eProcedura\u201d).<\/strong><\/p>\t\t\t\t\t\t<\/div>\n\t\t\t\t<\/div>\n\t\t\t\t\t<\/div>\n\t\t<\/div>\n\t\t\t\t\t\t\t<\/div>\n\t\t<\/section>\n\t\t\t\t<section class=\"elementor-section elementor-top-section elementor-element elementor-element-1e850ea elementor-section-boxed elementor-section-height-default elementor-section-height-default\" data-id=\"1e850ea\" data-element_type=\"section\">\n\t\t\t\t\t\t<div class=\"elementor-container elementor-column-gap-default\">\n\t\t\t\t\t<div class=\"elementor-column elementor-col-100 elementor-top-column elementor-element elementor-element-8ca40a2\" data-id=\"8ca40a2\" data-element_type=\"column\">\n\t\t\t<div class=\"elementor-widget-wrap elementor-element-populated\">\n\t\t\t\t\t\t\t\t<div class=\"elementor-element elementor-element-5217618 elementor-widget-divider--view-line elementor-widget elementor-widget-divider\" data-id=\"5217618\" data-element_type=\"widget\" data-widget_type=\"divider.default\">\n\t\t\t\t<div class=\"elementor-widget-container\">\n\t\t\t\t\t<div class=\"elementor-divider\">\n\t\t\t<span class=\"elementor-divider-separator\">\n\t\t\t\t\t\t<\/span>\n\t\t<\/div>\n\t\t\t\t<\/div>\n\t\t\t\t<\/div>\n\t\t\t\t\t<\/div>\n\t\t<\/div>\n\t\t\t\t\t\t\t<\/div>\n\t\t<\/section>\n\t\t\t\t<section class=\"elementor-section elementor-top-section elementor-element elementor-element-f03d325 elementor-section-boxed elementor-section-height-default elementor-section-height-default\" data-id=\"f03d325\" data-element_type=\"section\">\n\t\t\t\t\t\t<div class=\"elementor-container elementor-column-gap-default\">\n\t\t\t\t\t<div class=\"elementor-column elementor-col-100 elementor-top-column elementor-element elementor-element-33be032\" data-id=\"33be032\" data-element_type=\"column\">\n\t\t\t<div class=\"elementor-widget-wrap elementor-element-populated\">\n\t\t\t\t\t\t\t\t<div class=\"elementor-element elementor-element-72e1cb6 elementor-widget elementor-widget-text-editor\" data-id=\"72e1cb6\" data-element_type=\"widget\" data-widget_type=\"text-editor.default\">\n\t\t\t\t<div class=\"elementor-widget-container\">\n\t\t\t\t\t\t\t<p><strong>Nazwa Programu<\/strong>: Program priorytetowy nr 5.8 \u201eMi\u0119dzydziedzinowe Energia Plus\u201d.<\/p><p><strong>Przedsi\u0119wzi\u0119cie:<\/strong> \u201eBudowa elektrowni fotowoltaicznej G\u00f3ra III o mocy 3 MW w miejscowo\u015bci G\u00f3ra\u201d.<\/p><p><strong>Zadanie: <\/strong>\u201eBudowa elektrowni fotowoltaicznej G\u00f3ra III o mocy 3 MW w miejscowo\u015bci G\u00f3ra\u201d.<\/p><p><strong>Numer sprawy<\/strong> nadany przez Zamawiaj\u0105cego: <strong>PKC-01\/22\/PEO\/MS(GIII)<\/strong><\/p>\t\t\t\t\t\t<\/div>\n\t\t\t\t<\/div>\n\t\t\t\t\t<\/div>\n\t\t<\/div>\n\t\t\t\t\t\t\t<\/div>\n\t\t<\/section>\n\t\t\t\t<section class=\"elementor-section elementor-top-section elementor-element elementor-element-932c057 elementor-section-boxed elementor-section-height-default elementor-section-height-default\" data-id=\"932c057\" data-element_type=\"section\">\n\t\t\t\t\t\t<div class=\"elementor-container elementor-column-gap-default\">\n\t\t\t\t\t<div class=\"elementor-column elementor-col-100 elementor-top-column elementor-element elementor-element-8bbc04c\" data-id=\"8bbc04c\" data-element_type=\"column\">\n\t\t\t<div class=\"elementor-widget-wrap elementor-element-populated\">\n\t\t\t\t\t\t\t\t<div class=\"elementor-element elementor-element-df05398 elementor-widget elementor-widget-text-editor\" data-id=\"df05398\" data-element_type=\"widget\" data-widget_type=\"text-editor.default\">\n\t\t\t\t<div class=\"elementor-widget-container\">\n\t\t\t\t\t\t\t<ul><li><a href=\"https:\/\/peoms.pl\/wp-content\/uploads\/2022\/02\/5-F-05-Ogloszenie-o-zakonczeniu-Przetargu-PKC_01_22_PEO_MSGIII.pdf\">(5) F 05 Og\u0142oszenie o zako\u0144czeniu Przetargu (PKC_01_22_PEO_MS(GIII))<\/a><\/li><\/ul>\t\t\t\t\t\t<\/div>\n\t\t\t\t<\/div>\n\t\t\t\t\t<\/div>\n\t\t<\/div>\n\t\t\t\t\t\t\t<\/div>\n\t\t<\/section>\n\t\t\t\t\t\t<\/div>\n\t\t\t\t\t<\/div>\n\t\t","protected":false},"excerpt":{"rendered":"<p>NARODOWY FUNDUSZ OCHRONY \u015aRODOWISKA I\u00a0GOSPODARKI WODNEJ Post\u0119powanie o udzielenie zam\u00f3wienia prowadzone jest w trybie Przetarg, o kt\u00f3rym mowa w art. 701\u2013705 ustawy z dnia 23 kwietnia 1964 r. \u2013 Kodeks cywilny na zasadach okre\u015blonych w Procedurze zawierania um\u00f3w w ramach przedsi\u0119wzi\u0119\u0107 dofinansowanych ze \u015brodk\u00f3w NFO\u015aiGW w formie oprocentowanej po\u017cyczki w ramach programu priorytetowego nr 5.8 [&hellip;]<\/p>\n","protected":false},"author":1,"featured_media":0,"parent":0,"menu_order":0,"comment_status":"closed","ping_status":"closed","template":"","meta":{"_regular_price":[],"currency_symbol":[],"footnotes":""},"class_list":["post-459","page","type-page","status-publish","hentry"],"post_slider_layout_featured_media_urls":{"thumbnail":"","post_slider_layout_landscape_large":"","post_slider_layout_portrait_large":"","post_slider_layout_square_large":"","post_slider_layout_landscape":"","post_slider_layout_portrait":"","post_slider_layout_square":"","full":""},"yoast_head":"<!-- This site is optimized with the Yoast SEO plugin v17.4 - https:\/\/yoast.com\/wordpress\/plugins\/seo\/ -->\n<title>Przetarg PKC-01\/22\/PEO\/MS(GIII) - Polska Energia Odnawialna Marcin Szlaps<\/title>\n<meta name=\"robots\" content=\"index, follow, max-snippet:-1, max-image-preview:large, max-video-preview:-1\" \/>\n<link rel=\"canonical\" href=\"https:\/\/peoms.pl\/?page_id=459\" \/>\n<meta property=\"og:locale\" content=\"en_US\" \/>\n<meta property=\"og:type\" content=\"article\" \/>\n<meta property=\"og:title\" content=\"Przetarg PKC-01\/22\/PEO\/MS(GIII) - Polska Energia Odnawialna Marcin Szlaps\" \/>\n<meta property=\"og:description\" content=\"NARODOWY FUNDUSZ OCHRONY \u015aRODOWISKA I\u00a0GOSPODARKI WODNEJ Post\u0119powanie o udzielenie zam\u00f3wienia prowadzone jest w trybie Przetarg, o kt\u00f3rym mowa w art. 701\u2013705 ustawy z dnia 23 kwietnia 1964 r. \u2013 Kodeks cywilny na zasadach okre\u015blonych w Procedurze zawierania um\u00f3w w ramach przedsi\u0119wzi\u0119\u0107 dofinansowanych ze \u015brodk\u00f3w NFO\u015aiGW w formie oprocentowanej po\u017cyczki w ramach programu priorytetowego nr 5.8 [&hellip;]\" \/>\n<meta property=\"og:url\" content=\"https:\/\/peoms.pl\/?page_id=459\" \/>\n<meta property=\"og:site_name\" content=\"Polska Energia Odnawialna Marcin Szlaps\" \/>\n<meta property=\"article:modified_time\" content=\"2022-02-24T18:05:44+00:00\" \/>\n<meta property=\"og:image\" content=\"https:\/\/peoms.pl\/wp-content\/uploads\/2021\/12\/NArodowy-Fundusz-Ochrony-Srodowiska-i-gospodarki-Wodnej-logotyp-01-1024x507.jpg\" \/>\n<meta name=\"twitter:card\" content=\"summary_large_image\" \/>\n<meta name=\"twitter:label1\" content=\"Est. reading time\" \/>\n\t<meta name=\"twitter:data1\" content=\"1 minute\" \/>\n<script type=\"application\/ld+json\" class=\"yoast-schema-graph\">{\"@context\":\"https:\/\/schema.org\",\"@graph\":[{\"@type\":\"WebSite\",\"@id\":\"https:\/\/peoms.pl\/#website\",\"url\":\"https:\/\/peoms.pl\/\",\"name\":\"Polska Energia Odnawialna Marcin Szlaps\",\"description\":\"\",\"potentialAction\":[{\"@type\":\"SearchAction\",\"target\":{\"@type\":\"EntryPoint\",\"urlTemplate\":\"https:\/\/peoms.pl\/?s={search_term_string}\"},\"query-input\":\"required name=search_term_string\"}],\"inLanguage\":\"en-US\"},{\"@type\":\"ImageObject\",\"@id\":\"https:\/\/peoms.pl\/?page_id=459#primaryimage\",\"inLanguage\":\"en-US\",\"url\":\"https:\/\/peoms.pl\/wp-content\/uploads\/2021\/12\/NArodowy-Fundusz-Ochrony-Srodowiska-i-gospodarki-Wodnej-logotyp-01-scaled.jpg\",\"contentUrl\":\"https:\/\/peoms.pl\/wp-content\/uploads\/2021\/12\/NArodowy-Fundusz-Ochrony-Srodowiska-i-gospodarki-Wodnej-logotyp-01-scaled.jpg\",\"width\":2560,\"height\":1267},{\"@type\":\"WebPage\",\"@id\":\"https:\/\/peoms.pl\/?page_id=459#webpage\",\"url\":\"https:\/\/peoms.pl\/?page_id=459\",\"name\":\"Przetarg PKC-01\/22\/PEO\/MS(GIII) - Polska Energia Odnawialna Marcin Szlaps\",\"isPartOf\":{\"@id\":\"https:\/\/peoms.pl\/#website\"},\"primaryImageOfPage\":{\"@id\":\"https:\/\/peoms.pl\/?page_id=459#primaryimage\"},\"datePublished\":\"2022-01-18T07:24:56+00:00\",\"dateModified\":\"2022-02-24T18:05:44+00:00\",\"breadcrumb\":{\"@id\":\"https:\/\/peoms.pl\/?page_id=459#breadcrumb\"},\"inLanguage\":\"en-US\",\"potentialAction\":[{\"@type\":\"ReadAction\",\"target\":[\"https:\/\/peoms.pl\/?page_id=459\"]}]},{\"@type\":\"BreadcrumbList\",\"@id\":\"https:\/\/peoms.pl\/?page_id=459#breadcrumb\",\"itemListElement\":[{\"@type\":\"ListItem\",\"position\":1,\"name\":\"Home\",\"item\":\"https:\/\/peoms.pl\/\"},{\"@type\":\"ListItem\",\"position\":2,\"name\":\"Przetarg PKC-01\/22\/PEO\/MS(GIII)\"}]}]}<\/script>\n<!-- \/ Yoast SEO plugin. -->","yoast_head_json":{"title":"Przetarg PKC-01\/22\/PEO\/MS(GIII) - Polska Energia Odnawialna Marcin Szlaps","robots":{"index":"index","follow":"follow","max-snippet":"max-snippet:-1","max-image-preview":"max-image-preview:large","max-video-preview":"max-video-preview:-1"},"canonical":"https:\/\/peoms.pl\/?page_id=459","og_locale":"en_US","og_type":"article","og_title":"Przetarg PKC-01\/22\/PEO\/MS(GIII) - Polska Energia Odnawialna Marcin Szlaps","og_description":"NARODOWY FUNDUSZ OCHRONY \u015aRODOWISKA I\u00a0GOSPODARKI WODNEJ Post\u0119powanie o udzielenie zam\u00f3wienia prowadzone jest w trybie Przetarg, o kt\u00f3rym mowa w art. 701\u2013705 ustawy z dnia 23 kwietnia 1964 r. \u2013 Kodeks cywilny na zasadach okre\u015blonych w Procedurze zawierania um\u00f3w w ramach przedsi\u0119wzi\u0119\u0107 dofinansowanych ze \u015brodk\u00f3w NFO\u015aiGW w formie oprocentowanej po\u017cyczki w ramach programu priorytetowego nr 5.8 [&hellip;]","og_url":"https:\/\/peoms.pl\/?page_id=459","og_site_name":"Polska Energia Odnawialna Marcin Szlaps","article_modified_time":"2022-02-24T18:05:44+00:00","og_image":[{"url":"https:\/\/peoms.pl\/wp-content\/uploads\/2021\/12\/NArodowy-Fundusz-Ochrony-Srodowiska-i-gospodarki-Wodnej-logotyp-01-1024x507.jpg"}],"twitter_card":"summary_large_image","twitter_misc":{"Est. reading time":"1 minute"},"schema":{"@context":"https:\/\/schema.org","@graph":[{"@type":"WebSite","@id":"https:\/\/peoms.pl\/#website","url":"https:\/\/peoms.pl\/","name":"Polska Energia Odnawialna Marcin Szlaps","description":"","potentialAction":[{"@type":"SearchAction","target":{"@type":"EntryPoint","urlTemplate":"https:\/\/peoms.pl\/?s={search_term_string}"},"query-input":"required name=search_term_string"}],"inLanguage":"en-US"},{"@type":"ImageObject","@id":"https:\/\/peoms.pl\/?page_id=459#primaryimage","inLanguage":"en-US","url":"https:\/\/peoms.pl\/wp-content\/uploads\/2021\/12\/NArodowy-Fundusz-Ochrony-Srodowiska-i-gospodarki-Wodnej-logotyp-01-scaled.jpg","contentUrl":"https:\/\/peoms.pl\/wp-content\/uploads\/2021\/12\/NArodowy-Fundusz-Ochrony-Srodowiska-i-gospodarki-Wodnej-logotyp-01-scaled.jpg","width":2560,"height":1267},{"@type":"WebPage","@id":"https:\/\/peoms.pl\/?page_id=459#webpage","url":"https:\/\/peoms.pl\/?page_id=459","name":"Przetarg PKC-01\/22\/PEO\/MS(GIII) - Polska Energia Odnawialna Marcin Szlaps","isPartOf":{"@id":"https:\/\/peoms.pl\/#website"},"primaryImageOfPage":{"@id":"https:\/\/peoms.pl\/?page_id=459#primaryimage"},"datePublished":"2022-01-18T07:24:56+00:00","dateModified":"2022-02-24T18:05:44+00:00","breadcrumb":{"@id":"https:\/\/peoms.pl\/?page_id=459#breadcrumb"},"inLanguage":"en-US","potentialAction":[{"@type":"ReadAction","target":["https:\/\/peoms.pl\/?page_id=459"]}]},{"@type":"BreadcrumbList","@id":"https:\/\/peoms.pl\/?page_id=459#breadcrumb","itemListElement":[{"@type":"ListItem","position":1,"name":"Home","item":"https:\/\/peoms.pl\/"},{"@type":"ListItem","position":2,"name":"Przetarg PKC-01\/22\/PEO\/MS(GIII)"}]}]}},"_links":{"self":[{"href":"https:\/\/peoms.pl\/index.php?rest_route=\/wp\/v2\/pages\/459","targetHints":{"allow":["GET"]}}],"collection":[{"href":"https:\/\/peoms.pl\/index.php?rest_route=\/wp\/v2\/pages"}],"about":[{"href":"https:\/\/peoms.pl\/index.php?rest_route=\/wp\/v2\/types\/page"}],"author":[{"embeddable":true,"href":"https:\/\/peoms.pl\/index.php?rest_route=\/wp\/v2\/users\/1"}],"replies":[{"embeddable":true,"href":"https:\/\/peoms.pl\/index.php?rest_route=%2Fwp%2Fv2%2Fcomments&post=459"}],"version-history":[{"count":26,"href":"https:\/\/peoms.pl\/index.php?rest_route=\/wp\/v2\/pages\/459\/revisions"}],"predecessor-version":[{"id":569,"href":"https:\/\/peoms.pl\/index.php?rest_route=\/wp\/v2\/pages\/459\/revisions\/569"}],"wp:attachment":[{"href":"https:\/\/peoms.pl\/index.php?rest_route=%2Fwp%2Fv2%2Fmedia&parent=459"}],"curies":[{"name":"wp","href":"https:\/\/api.w.org\/{rel}","templated":true}]}}